{"id":10,"date":"2018-12-07T20:52:29","date_gmt":"2018-12-07T18:52:29","guid":{"rendered":"http:\/\/wari.fi\/tapahtumat\/?page_id=10"},"modified":"2025-09-18T22:56:12","modified_gmt":"2025-09-18T19:56:12","slug":"ota-yhteytta","status":"publish","type":"page","link":"http:\/\/wari.fi\/tapahtumat\/ota-yhteytta\/","title":{"rendered":"Ota yhteytt\u00e4"},"content":{"rendered":"<p>Minna Canthin katu 1, 40100 Jyv\u00e4skyl\u00e4, 40100 Jyv\u00e4skyl\u00e4<br \/>\nPuh: +358 50 3238660<\/p>\n","protected":false},"excerpt":{"rendered":"<p>Minna Canthin katu 1, 40100 Jyv\u00e4skyl\u00e4, 40100 Jyv\u00e4skyl\u00e4 Puh: +358 50 3238660<\/p>\n","protected":false},"author":1,"featured_media":0,"parent":0,"menu_order":0,"comment_status":"closed","ping_status":"closed","template":"","meta":{"footnotes":""},"_links":{"self":[{"href":"http:\/\/wari.fi\/tapahtumat\/wp-json\/wp\/v2\/pages\/10"}],"collection":[{"href":"http:\/\/wari.fi\/tapahtumat\/wp-json\/wp\/v2\/pages"}],"about":[{"href":"http:\/\/wari.fi\/tapahtumat\/wp-json\/wp\/v2\/types\/page"}],"author":[{"embeddable":true,"href":"http:\/\/wari.fi\/tapahtumat\/wp-json\/wp\/v2\/users\/1"}],"replies":[{"embeddable":true,"href":"http:\/\/wari.fi\/tapahtumat\/wp-json\/wp\/v2\/comments?post=10"}],"version-history":[{"count":3,"href":"http:\/\/wari.fi\/tapahtumat\/wp-json\/wp\/v2\/pages\/10\/revisions"}],"predecessor-version":[{"id":149,"href":"http:\/\/wari.fi\/tapahtumat\/wp-json\/wp\/v2\/pages\/10\/revisions\/149"}],"wp:attachment":[{"href":"http:\/\/wari.fi\/tapahtumat\/wp-json\/wp\/v2\/media?parent=10"}],"curies":[{"name":"wp","href":"https:\/\/api.w.org\/{rel}","templated":true}]}}

Ota yhteyttä

<p>Minna Canthin katu 1, 40100 Jyväskylä, 40100 Jyväskylä<br />
Puh: +358 50 3238660</p>

<p>Minna Canthin katu 1, 40100 Jyväskylä, 40100 Jyväskylä Puh: +358 50 3238660</p>
